base 9, what is -68 - 0?
-68
In base 2, what is 1000101 - 1010?
111011
In base 13, what is -1 + -27?
-28
In base 16, what is 4 - 16f?
-16b
In base 8, what is -650 - 2?
-652
In base 15, what is 333 + -1c?
316
In base 6, what is -25 - 5?
-34
In base 12, what is 1 + -450?
-44b
In base 13, what is 2 - c6?
-c4
In base 11, what is a55 - 0?
a55
In base 11, what is -2417 - 5?
-2421
In base 4, what is -2 + -2003?
-2011
In base 5, what is 1004423 - 4?
1004414
In base 2, what is 100 - 1100001?
-1011101
In base 5, what is -3120 + 0?
-3120
In base 15, what is -17 + -4?
-1b
In base 12, what is 29 + -115?
-a8
In base 4, what is 10 - -20121?
20131
In base 9, what is 11 - 44?
-33
In base 4, what is -12 + -12?
-30
In base 14, what is 411 + -4?
40b
In base 12, what is -5 + 5b?
56
In base 15, what is -2 - d9?
-db
In base 4, what is -2 - -110?
102
In base 3, what is 112 - -1212?
2101
In base 4, what is -10 + -12?
-22
In base 15, what is -190 + 5?
-18a
In base 15, what is -5 + -9?
-e
In base 4, what is -202 - 111?
-313
In base 16, what is 5ec - -6?
5f2
In base 12, what is -78 - 6?
-82
In base 7, what is 64310 - 1?
64306
In base 10, what is 9 + 113?
122
In base 14, what is -c + 5?
-7
In base 6, what is -201 - -12?
-145
In base 12, what is -62b - -3?
-628
In base 11, what is 1 - 150?
-14a
In base 5, what is 14100 - -4?
14104
In base 9, what is 4 - -3158?
3163
In base 13, what is -5 + ab0?
aa8
In base 14, what is 20 - 7?
17
In base 9, what is 45 + -10?
35
In base 7, what is -1 + -162?
-163
In base 5, what is 4 + -102?
-43
In base 4, what is 11 + -10100?
-10023
In base 11, what is 319 - 4?
315
In base 10, what is 49 + -12?
37
In base 5, what is -11 - 1?
-12
In base 14, what is 1 - -23?
24
In base 15, what is 15 + -12?
3
In base 7, what is 2 + 16?
21
In base 12, what is -67 + 2?
-65
In base 7, what is -2 + 45?
43
In base 13, what is 796 + 0?
796
In base 5, what is -1 - 104?
-110
In base 6, what is -43304 + -4?
-43312
In base 2, what is 11 + 11001110?
11010001
In base 9, what is -1055 + -4?
-1060
In base 14, what is 0 + -22?
-22
In base 14, what is 110 - 8?
106
In base 16, what is 0 - 111e?
-111e
In base 15, what is 5 + 20a3?
20a8
In base 3, what is 2 - -22122?
22201
In base 7, what is 3 + 1160?
1163
In base 8, what is 10251 - 4?
10245
In base 16, what is d0 - 3?
cd
In base 2, what is 1000 - -110?
1110
In base 2, what is 100 - -111100001?
111100101
In base 14, what is ba - -1?
bb
In base 6, what is -412 - 32?
-444
In base 2, what is 0 + -11001111?
-11001111
In base 14, what is -51 + -5?
-56
In base 16, what is f33 - -3?
f36
In base 16, what is -3 + 21?
1e
In base 10, what is -11 - -18?
7
In base 16, what is -3 - -5?
2
In base 14, what is 5 + 1c0a?
1c11
In base 11, what is 76 - 4?
72
In base 4, what is -111 - -210?
33
In base 12, what is -57 - -7b?
24
In base 6, what is -5 - -1310?
1301
In base 10, what is -1 - -582?
581
In base 6, what is -33 - 1?
-34
In base 9, what is -440 + -6?
-446
In base 2, what is 11 + 10001111?
10010010
In base 16, what is 65f + 5?
664
In base 4, what is -3 - -1111301?
1111232
In base 9, what is -171 - 1?
-172
In base 16, what is 33 + 31?
64
In base 10, what is -17 + -4?
-21
In base 6, what is -135532 - -1?
-135531
In base 6, what is -20240 - -4?
-20232
In base 6, what is -101 + -24?
-125
In base 8, what is -77 - 10?
-107
In base 7, what is 52 + -232?
-150
In base 12, what is -94 + 4?
-90
In base 3, what is -121202 - -12?
-121120
In base 14, what is 14 - -41?
55
In base 10, what is 85 + 0?
85
In base 4, what is 11 - 13233?
-13222
In base 8, what is 11 - -3054?
3065
In base 10, what is 6 - -58?
64
In base 3, what is 1 + -2222?
-2221
In base 15, what is -7 - -40?
38
In base 10, what is -16 - 2?
-18
In base 8, what is 5 - -2653?
2660
In base 10, what is 157 - 3?
154
In base 4, what is 10323122 + -10?
10323112
In base 11, what is 51 - 88?
-37
In base 10, what is -1 - 667?
-668
In base 6, what is 2 + -1314?
-1312
In base 11, what is 863 + a?
872
In base 2, what is 1001101100 + 100001?
1010001101
In base 5, what is 22 + 4?
31
In base 7, what is 122 + 25?
150
In base 16, what is -1 + b6?
b5
In base 8, what is -13354 - 0?
-13354
In base 9, what is -50 + 166?
116
In base 13, what is 2567 - 0?
2567
In base 13, what is -94 + -2?
-96
In base 15, what is -810 - 3?
-813
In base 3, what is -202010 + -12?
-202022
In base 11, what is -3394 + 1?
-3393
In base 8, what is 1 - -6163?
6164
In base 13, what is 4 - 258?
-254
In base 16, what is 4 + 18c?
190
In base 13, what is 2 + 390?
392
In base 15, what is 5 - -413?
418
In base 5, what is -3 + 12?
4
In base 2, what is 0 - 1001010?
-1001010
In base 7, what is 4 + 144?
151
In base 9, what is -5 + 3210?
3204
In base 6, what is -430 - 2?
-432
In base 4, what is -30002 + -21?
-30023
In base 5, what is 433231 + 10?
433241
In base 6, what is -20313 + -5?
-20322
In base 15, what is 24 - 2?
22
In base 5, what is -10 - -1010?
1000
In base 16, what is -f - 9?
-18
In base 12, what is 5a + -4?
56
In base 14, what is -5 - -147?
142
In base 5, what is 4 + 424?
433
In base 2, what is 11101011 - 11?
11101000
In base 15, what is ee3 + 0?
ee3
In base 15, what is -40 + -a?
-4a
In base 12, what is -52 + 6b?
19
In base 11, what is 457 + 0?
457
In base 5, what is -404124 + 10?
-404114
In base 15, what is 1 + d6?
d7
In base 6, what is -2 - -322?
320
In base 11, what is 385 + -5?
380
In base 8, what is 1361 - 1?
1360
In base 14, what is 109 - 0?
109
In base 2, what is 110001010101 + -11?
110001010010
In base 6, what is 3 - -1415?
1422
In base 13, what is -5 + 7b5?
7b0
In base 5, what is 0 - 112101?
-112101
In base 13, what is -2c8b + -4?
-2c92
In base 12, what is 5 - -5?
a
In base 15, what is 2c8 - c?
2bb
In base 2, what is 10111 + -11010?
-11
In base 7, what is 305 + -1005?
-400
In base 12, what is 2 - 2b3?
-2b1
In base 6, what is -100 + 315?
215
In base 8, what is 37 + 166?
225
In base 15, what is -47 + 72?
2a
In base 12, what is -61a - 0?
-61a
In base 13, what is -387 - 4?
-38b
In base 16, what is -5 + -9ac?
-9b1
In base 4, what is -2 + 110?
102
In base 2, what is -111100110 + 101?
-111100001
In base 9, what is -36 + 5?
-31
In base 8, what is -6 + -5?
-13
In base 11, what is -4 + a?
6
In base 10, what is -2938 - -1?
-2937
In base 15, what is -1 - -2b?
2a
In base 11, what is 152 + -1?
151
In base 3, what is 12 + -1022010?
-1021221
In base 7, what is 46 + -22?
24
In base 9, what is -5 + -216?
-222
In base 7, what is -4 + 3?
-1
In base 9, what is -150 + -14?
-164
In base 13, what is 4 + 117?
11b
In base 2, what is -100111110 + -10110?
-101010100
In base 6, what is 24324 + 5?
24333
In base 16, what is 1 + -fc?
-fb
In base 11, what is -9 + 14?
6
In base 9, what is 5211 + 10?
5221
In base 14, what is -b7 - 2?
-b9
In base 12, what is 1 - 63?
-62
In base 2, what is -101111001 - -1000?
-101110001
In base 10, what is 206 - -28?
234
In base 2, what is 1000 + -1001100110?
-1001011110
In base 10, what is 8 - 5?
3
In base 12, what is -8 - 15?
-21
In base 7, what is -221 - 4?
-225
In base 12, what is -1a18 + -1?
-1a19
In base 8, what is 23 + 0?
23
In base 15, what is -5 + 18?
13
In base 16, what is 57 + -1?
56
In base 8, what is -15 + 224?
207
In base 8, what is 0 + -1043?
-1043
In base 14, what is -1 + 20?
1d
In base 15, what is 3 - 1030?
-102c
In base 5, what is -10 - 110?
-120
In base 11, what is 19 - a88?
-a6a
In base 3, what is -102 - -120?
11
In base 16, what is -c + -19c?
-1a8
In base 2, what is -101 - -10100101?
10100000
In base 12, what is -71 + -12?
-83
In base 8, what is 3274 + 4?
3300
In base 12, what is -4 + -126?
-12a
In base 3, what is -1020 - -201?
-112
In base 12, what is -65 + 1?
-64
In base 2, what is -11011011 - 0?
-11011011
In base 11, what is -11 + -16?
-27
In base 5, what is -2 + 4304?
4302
In base 2, what is -100001 + -11101100?
-100001101
In base 13, what is 864 + -2?
862
In base 6, what is 13501 + -1?
13500
In base 13, what is 1bc + -2?
1ba
In base 12, what is 224 + 6?
22a
In base 16, what is 2 - 339?
-337
In base 4, what is -22 + 301?
213
In base 10, what is -18 + 34?
16
In base 11, what is 6746 - 5?
6741
In base 3, what is -2 + 20022?
20020
In base 14, what is -32 - -207?
1b5
In base 2, what is 1101000011000 - 100?
1101000010100
In base 11, what is -2 - 309?
-310
In base 16, what is 3 + -7f9?
-7f6
In base 14, what is b9 